{"id":127,"date":"2025-02-14T10:41:40","date_gmt":"2025-02-14T09:41:40","guid":{"rendered":"https:\/\/toutenbois34.com\/?page_id=127"},"modified":"2025-02-14T10:59:05","modified_gmt":"2025-02-14T09:59:05","slug":"accueil","status":"publish","type":"page","link":"https:\/\/toutenbois34.com\/index.php\/accueil\/","title":{"rendered":"Pr\u00e9sentation"},"content":{"rendered":"\n<p><strong>Enzo Costa \u2013 Artisan Bois<\/strong><\/p>\n\n\n\n<p>Passionn\u00e9 par le bois depuis plus de 20 ans, je mets mon savoir-faire au service de vos projets. Que ce soit pour une <strong>pergola<\/strong>, une <strong>terrasse en bois<\/strong>, une <strong>charpente<\/strong>, une <strong>cl\u00f4ture<\/strong>, un <strong>parquet<\/strong> ou encore un <strong>brise-vue<\/strong>, je r\u00e9alise des constructions sur mesure qui allient esth\u00e9tisme, durabilit\u00e9 et qualit\u00e9 artisanale.<\/p>\n\n\n\n<p>Je propose \u00e9galement des prestations de <strong>zinguerie<\/strong> pour assurer l\u2019\u00e9tanch\u00e9it\u00e9 et la finition de vos ouvrages.<\/p>\n\n\n\n<p>Bas\u00e9 dans l\u2019H\u00e9rault, je me d\u00e9place aux alentours de Montpellier pour vous accompagner dans la r\u00e9alisation de vos envies.<\/p>\n\n\n\n<p>\ud83d\udcde <strong>T\u00e9l\u00e9phone<\/strong> : 06 77 41 15 46<br>\ud83d\udce7 <strong>Email<\/strong> : <a>enzocostaccm@gmail.com<\/a><br>\ud83d\udccd <strong>Adresse<\/strong> : TOUT EN BOIS, 8 place du 11 novembre 1918, 34690 FABR\u00c8GUES<\/p>\n\n\n\n<p>\ud83d\udcac <strong>N\u2019h\u00e9sitez pas \u00e0 me contacter<\/strong> pour \u00e9changer sur votre projet. Je serais ravi de vous conseiller et de vous proposer une solution adapt\u00e9e \u00e0 vos besoins.  <\/p>\n\n\n\n<figure class=\"wp-block-image size-large\"><img loading=\"lazy\" decoding=\"async\" width=\"1024\" height=\"576\" src=\"http:\/\/toutenbois34.com\/wp-content\/uploads\/2025\/02\/IMG_1243-1024x576.jpg\" alt=\"\" class=\"wp-image-112\" srcset=\"https:\/\/toutenbois34.com\/wp-content\/uploads\/2025\/02\/IMG_1243-1024x576.jpg 1024w, https:\/\/toutenbois34.com\/wp-content\/uploads\/2025\/02\/IMG_1243-300x169.jpg 300w, https:\/\/toutenbois34.com\/wp-content\/uploads\/2025\/02\/IMG_1243-768x432.jpg 768w, https:\/\/toutenbois34.com\/wp-content\/uploads\/2025\/02\/IMG_1243-1536x864.jpg 1536w, https:\/\/toutenbois34.com\/wp-content\/uploads\/2025\/02\/IMG_1243-1140x641.jpg 1140w, https:\/\/toutenbois34.com\/wp-content\/uploads\/2025\/02\/IMG_1243.jpg 2016w\" sizes=\"auto, (max-width: 1024px) 100vw, 1024px\" \/><\/figure>\n\n\n\n<p><\/p>\n","protected":false},"excerpt":{"rendered":"<p>Enzo Costa \u2013 Artisan Bois Passionn\u00e9 par le bois depuis plus de 20 ans, je mets mon savoir-faire au service de vos projets. Que ce soit pour une pergola, une terrasse en bois, une charpente, une cl\u00f4ture, un parquet ou encore un brise-vue, je r\u00e9alise des constructions sur mesure qui allient esth\u00e9tisme, durabilit\u00e9 et qualit\u00e9 artisanale. Je propose \u00e9galement des prestations de zinguerie pour assurer l\u2019\u00e9tanch\u00e9it\u00e9 et la finition de vos ouvrages. Bas\u00e9 dans l\u2019H\u00e9rault, je me d\u00e9place aux alentours de Montpellier pour vous accompagner dans la r\u00e9alisation de vos envies. \ud83d\udcde T\u00e9l\u00e9phone : 06 77 41 15 46\ud83d\udce7 Email : enzocostaccm@gmail.com\ud83d\udccd Adresse : TOUT EN BOIS, 8 place du 11 novembre 1918, 34690 FABR\u00c8GUES \ud83d\udcac N\u2019h\u00e9sitez pas \u00e0 me contacter pour \u00e9changer sur votre projet. Je serais ravi de vous conseiller et de vous proposer une solution adapt\u00e9e \u00e0 vos besoins.<\/p>\n","protected":false},"author":1,"featured_media":0,"parent":0,"menu_order":0,"comment_status":"closed","ping_status":"closed","template":"","meta":{"footnotes":""},"class_list":["post-127","page","type-page","status-publish","hentry"],"_links":{"self":[{"href":"https:\/\/toutenbois34.com\/index.php\/wp-json\/wp\/v2\/pages\/127","targetHints":{"allow":["GET"]}}],"collection":[{"href":"https:\/\/toutenbois34.com\/index.php\/wp-json\/wp\/v2\/pages"}],"about":[{"href":"https:\/\/toutenbois34.com\/index.php\/wp-json\/wp\/v2\/types\/page"}],"author":[{"embeddable":true,"href":"https:\/\/toutenbois34.com\/index.php\/wp-json\/wp\/v2\/users\/1"}],"replies":[{"embeddable":true,"href":"https:\/\/toutenbois34.com\/index.php\/wp-json\/wp\/v2\/comments?post=127"}],"version-history":[{"count":5,"href":"https:\/\/toutenbois34.com\/index.php\/wp-json\/wp\/v2\/pages\/127\/revisions"}],"predecessor-version":[{"id":169,"href":"https:\/\/toutenbois34.com\/index.php\/wp-json\/wp\/v2\/pages\/127\/revisions\/169"}],"wp:attachment":[{"href":"https:\/\/toutenbois34.com\/index.php\/wp-json\/wp\/v2\/media?parent=127"}],"curies":[{"name":"wp","href":"https:\/\/api.w.org\/{rel}","templated":true}]}}